{"id":3169,"date":"2021-03-30T14:22:15","date_gmt":"2021-03-30T12:22:15","guid":{"rendered":"https:\/\/www.bois-plus.net\/magasin\/?post_type=product&#038;p=3169"},"modified":"2023-04-03T16:24:59","modified_gmt":"2023-04-03T14:24:59","slug":"faitiere-double-crantee-en-2m10","status":"publish","type":"product","link":"https:\/\/www.bois-plus.net\/magasin\/nos-produits\/couverture\/profil-de-couverture\/faitiere-double-crantee-en-2m10","title":{"rendered":"Faiti\u00e8re Double Crant\u00e9e en 2M10"},"content":{"rendered":"","protected":false},"excerpt":{"rendered":"<p><strong><u>\u00c9paisseur\u00a0:<\/u><\/strong><strong> 63\/100<sup>\u00e8me<\/sup><\/strong><\/p>\n<p><strong><u>Couleur\u00a0:<\/u> RAL 5008 (Bleu Ardoise)<\/strong><\/p>\n","protected":false},"featured_media":3815,"comment_status":"closed","ping_status":"closed","template":"","meta":[],"product_brand":[],"product_cat":[404],"product_tag":[456,455,363],"class_list":{"0":"post-3169","1":"product","2":"type-product","3":"status-publish","4":"has-post-thumbnail","6":"product_cat-profil-de-couverture","7":"product_tag-faitiere-double","8":"product_tag-profil-tole","9":"product_tag-ral-5008","11":"first","12":"instock","13":"taxable","14":"shipping-taxable","15":"product-type-simple"},"aioseo_notices":[],"_links":{"self":[{"href":"https:\/\/www.bois-plus.net\/magasin\/wp-json\/wp\/v2\/product\/3169","targetHints":{"allow":["GET"]}}],"collection":[{"href":"https:\/\/www.bois-plus.net\/magasin\/wp-json\/wp\/v2\/product"}],"about":[{"href":"https:\/\/www.bois-plus.net\/magasin\/wp-json\/wp\/v2\/types\/product"}],"replies":[{"embeddable":true,"href":"https:\/\/www.bois-plus.net\/magasin\/wp-json\/wp\/v2\/comments?post=3169"}],"wp:featuredmedia":[{"embeddable":true,"href":"https:\/\/www.bois-plus.net\/magasin\/wp-json\/wp\/v2\/media\/3815"}],"wp:attachment":[{"href":"https:\/\/www.bois-plus.net\/magasin\/wp-json\/wp\/v2\/media?parent=3169"}],"wp:term":[{"taxonomy":"product_brand","embeddable":true,"href":"https:\/\/www.bois-plus.net\/magasin\/wp-json\/wp\/v2\/product_brand?post=3169"},{"taxonomy":"product_cat","embeddable":true,"href":"https:\/\/www.bois-plus.net\/magasin\/wp-json\/wp\/v2\/product_cat?post=3169"},{"taxonomy":"product_tag","embeddable":true,"href":"https:\/\/www.bois-plus.net\/magasin\/wp-json\/wp\/v2\/product_tag?post=3169"}],"curies":[{"name":"wp","href":"https:\/\/api.w.org\/{rel}","templated":true}]}}