{"id":3382,"date":"2021-04-27T11:00:16","date_gmt":"2021-04-27T09:00:16","guid":{"rendered":"https:\/\/www.bois-plus.net\/magasin\/?page_id=3382"},"modified":"2023-02-13T17:02:39","modified_gmt":"2023-02-13T16:02:39","slug":"abris-de-jardin-carports-et-pergolas-savenay","status":"publish","type":"page","link":"https:\/\/www.bois-plus.net\/magasin\/abris-de-jardin-carports-et-pergolas-savenay","title":{"rendered":"Abris de jardin, Carports et Pergolas"},"content":{"rendered":"<div class=\"wpb-content-wrapper\"><p>[vc_row css=\u00a0\u00bb.vc_custom_1619609022794{padding-bottom: 30px !important;}\u00a0\u00bb][vc_column][vc_column_text]<\/p>\n<h5 style=\"text-align: center;\"><span style=\"font-size: 20px;\">D\u00e9couvrez les kits de construction BOIS PLUS d&rsquo;Abri de jardin, Carport et Pergola sur mesure. <\/span><\/h5>\n<h5 style=\"text-align: center;\"><span style=\"font-size: 20px;\">Demander un devis du kit de construction ou uniquement les mat\u00e9riaux.<\/span><\/h5>\n<p>[\/vc_column_text][\/vc_column][\/vc_row][vc_row full_width=\u00a0\u00bbstretch_row\u00a0\u00bb][vc_column width=\u00a0\u00bb1\/3&Prime; el_class=\u00a0\u00bbcolonne-abri\u00a0\u00bb][vc_hoverbox image=\u00a0\u00bb3684&Prime; primary_title=\u00a0\u00bbAbris de jardin\u00a0\u00bb primary_title_font_container=\u00a0\u00bbfont_size:50|color:%23ffffff\u00a0\u00bb primary_title_google_fonts=\u00a0\u00bbfont_family:Allerta%20Stencil%3Aregular|font_style:400%20regular%3A400%3Anormal\u00a0\u00bb hover_title=\u00a0\u00bbAbris de jardin\u00a0\u00bb hover_background_color=\u00a0\u00bbcustom\u00a0\u00bb hover_btn_title=\u00a0\u00bbAbris de Jardin\u00a0\u00bb hover_btn_style=\u00a0\u00bbmodern\u00a0\u00bb hover_btn_shape=\u00a0\u00bbrounded\u00a0\u00bb hover_btn_skin=\u00a0\u00bbsecondary\u00a0\u00bb use_custom_fonts_primary_title=\u00a0\u00bbtrue\u00a0\u00bb hover_add_button=\u00a0\u00bbtrue\u00a0\u00bb primary_title_link=\u00a0\u00bburl:https%3A%2F%2Fwww.bois-plus.net%2Fmagasin%2Fabris-jardin-savenay|title:Abris%20de%20jardin\u00a0\u00bb primary_title_el_class=\u00a0\u00bbtitre-abri\u00a0\u00bb el_class=\u00a0\u00bbvignette-abri-jardin\u00a0\u00bb hover_btn_link=\u00a0\u00bburl:https%3A%2F%2Fwww.bois-plus.net%2Fmagasin%2Fabris-jardin-savenay|title:Abris%20de%20jardin\u00a0\u00bb]<\/p>\n<h5><a title=\"Abris de jardin\" href=\"https:\/\/www.bois-plus.net\/magasin\/abris-jardin-savenay\"><span style=\"font-size: 16px;\">Vous souhaitez un abri de jardin pour ranger et stocker tout votre mat\u00e9riel ?<\/span><\/a><\/h5>\n<h5><a href=\"https:\/\/www.bois-plus.net\/magasin\/abris-jardin-savenay\"><span style=\"font-size: 16px;\">Choisissez nos abris de jardin sur mesure et trait\u00e9s pour l\u2019ext\u00e9rieur, avec une porte coulissante et des t\u00f4les pour la couverture !<\/span><\/a><\/h5>\n<p>[\/vc_hoverbox][\/vc_column][vc_column width=\u00a0\u00bb1\/3&Prime; el_class=\u00a0\u00bbcolonne-abri\u00a0\u00bb][vc_hoverbox image=\u00a0\u00bb3685&Prime; primary_title=\u00a0\u00bbCarports\u00a0\u00bb primary_title_font_container=\u00a0\u00bbfont_size:50|color:%23ffffff\u00a0\u00bb primary_title_google_fonts=\u00a0\u00bbfont_family:Allerta%20Stencil%3Aregular|font_style:400%20regular%3A400%3Anormal\u00a0\u00bb hover_title=\u00a0\u00bbCarports\u00a0\u00bb hover_background_color=\u00a0\u00bbcustom\u00a0\u00bb hover_btn_title=\u00a0\u00bbCarports\u00a0\u00bb hover_btn_style=\u00a0\u00bbmodern\u00a0\u00bb hover_btn_shape=\u00a0\u00bbrounded\u00a0\u00bb hover_btn_skin=\u00a0\u00bbsecondary\u00a0\u00bb use_custom_fonts_primary_title=\u00a0\u00bbtrue\u00a0\u00bb hover_add_button=\u00a0\u00bbtrue\u00a0\u00bb primary_title_link=\u00a0\u00bburl:https%3A%2F%2Fwww.bois-plus.net%2Fmagasin%2Fcarport-savenay|title:Carports\u00a0\u00bb primary_title_el_class=\u00a0\u00bbtitre-abri\u00a0\u00bb el_class=\u00a0\u00bbvignette-abri\u00a0\u00bb hover_btn_link=\u00a0\u00bburl:https%3A%2F%2Fwww.bois-plus.net%2Fmagasin%2Fcarport-savenay|title:Carports\u00a0\u00bb]<\/p>\n<h5><a title=\"Carports\" href=\"https:\/\/www.bois-plus.net\/magasin\/carport-savenay\"><span style=\"font-size: 16px;\">Vous souhaitez r\u00e9alis\u00e9 un carport pour abriter votre v\u00e9hicule ?<\/span><\/a><\/h5>\n<h5><a title=\"Carports\" href=\"https:\/\/www.bois-plus.net\/magasin\/carport-savenay\"><span style=\"font-size: 16px;\">Notre carport simple pente sur mesure trait\u00e9 pour l\u2019ext\u00e9rieur, adoss\u00e9 ou non contre un mur est con\u00e7u pour vos besoins !<\/span><\/a><\/h5>\n<p>[\/vc_hoverbox][\/vc_column][vc_column width=\u00a0\u00bb1\/3&Prime; el_class=\u00a0\u00bbcolonne-abri\u00a0\u00bb][vc_hoverbox image=\u00a0\u00bb3683&Prime; primary_title=\u00a0\u00bbPergolas\u00a0\u00bb primary_title_font_container=\u00a0\u00bbfont_size:50|color:%23ffffff\u00a0\u00bb primary_title_google_fonts=\u00a0\u00bbfont_family:Allerta%20Stencil%3Aregular|font_style:400%20regular%3A400%3Anormal\u00a0\u00bb hover_title=\u00a0\u00bbPergolas\u00a0\u00bb hover_background_color=\u00a0\u00bbcustom\u00a0\u00bb hover_btn_title=\u00a0\u00bbPergolas\u00a0\u00bb hover_btn_style=\u00a0\u00bbmodern\u00a0\u00bb hover_btn_shape=\u00a0\u00bbrounded\u00a0\u00bb hover_btn_skin=\u00a0\u00bbsecondary\u00a0\u00bb use_custom_fonts_primary_title=\u00a0\u00bbtrue\u00a0\u00bb hover_add_button=\u00a0\u00bbtrue\u00a0\u00bb primary_title_link=\u00a0\u00bburl:https%3A%2F%2Fwww.bois-plus.net%2Fmagasin%2Fpergolas-savenay|title:Pergolas\u00a0\u00bb primary_title_el_class=\u00a0\u00bbtitre-abri\u00a0\u00bb el_class=\u00a0\u00bbvignette-abri\u00a0\u00bb hover_btn_link=\u00a0\u00bburl:https%3A%2F%2Fwww.bois-plus.net%2Fmagasin%2Fpergolas-savenay|title:Pergolas\u00a0\u00bb]<\/p>\n<h5><span style=\"font-size: 16px;\"><a href=\"https:\/\/www.bois-plus.net\/magasin\/pergolas-savenay\">Vous souhaitez r\u00e9aliser une pergola en bois pour embellir votre jardin ou votre terrasse ?<\/a><\/span><\/h5>\n<h5><span style=\"font-size: 16px;\"><a href=\"https:\/\/www.bois-plus.net\/magasin\/pergolas-savenay\">Choisissez nos pergolas en bois, r\u00e9sistantes aux intemp\u00e9ries : trait\u00e9es pour l&rsquo;ext\u00e9rieur et sur mesure !<\/a><\/span><\/h5>\n<p>[\/vc_hoverbox][\/vc_column][\/vc_row]<\/p>\n<\/div>","protected":false},"excerpt":{"rendered":"<p>[vc_row css=\u00a0\u00bb.vc_custom_1619609022794{padding-bottom: 30px !important;}\u00a0\u00bb][vc_column][vc_column_text] D\u00e9couvrez les kits de construction BOIS PLUS d&rsquo;Abri de jardin, Carport et Pergola sur mesure. Demander un devis du kit de construction ou uniquement les mat\u00e9riaux. [\/vc_column_text][\/vc_column][\/vc_row][vc_row full_width=\u00a0\u00bbstretch_row\u00a0\u00bb][vc_column width=\u00a0\u00bb1\/3&Prime; el_class=\u00a0\u00bbcolonne-abri\u00a0\u00bb][vc_hoverbox image=\u00a0\u00bb3684&Prime; primary_title=\u00a0\u00bbAbris de jardin\u00a0\u00bb primary_title_font_container=\u00a0\u00bbfont_size:50|color:%23ffffff\u00a0\u00bb primary_title_google_fonts=\u00a0\u00bbfont_family:Allerta%20Stencil%3Aregular|font_style:400%20regular%3A400%3Anormal\u00a0\u00bb hover_title=\u00a0\u00bbAbris de jardin\u00a0\u00bb hover_background_color=\u00a0\u00bbcustom\u00a0\u00bb hover_btn_title=\u00a0\u00bbAbris de Jardin\u00a0\u00bb hover_btn_style=\u00a0\u00bbmodern\u00a0\u00bb hover_btn_shape=\u00a0\u00bbrounded\u00a0\u00bb hover_btn_skin=\u00a0\u00bbsecondary\u00a0\u00bb use_custom_fonts_primary_title=\u00a0\u00bbtrue\u00a0\u00bb hover_add_button=\u00a0\u00bbtrue\u00a0\u00bb primary_title_link=\u00a0\u00bburl:https%3A%2F%2Fwww.bois-plus.net%2Fmagasin%2Fabris-jardin-savenay|title:Abris%20de%20jardin\u00a0\u00bb primary_title_el_class=\u00a0\u00bbtitre-abri\u00a0\u00bb el_class=\u00a0\u00bbvignette-abri-jardin\u00a0\u00bb [&hellip;]<\/p>\n","protected":false},"author":1,"featured_media":0,"parent":0,"menu_order":0,"comment_status":"closed","ping_status":"closed","template":"","meta":{"footnotes":""},"class_list":["post-3382","page","type-page","status-publish","hentry"],"aioseo_notices":[],"_links":{"self":[{"href":"https:\/\/www.bois-plus.net\/magasin\/wp-json\/wp\/v2\/pages\/3382","targetHints":{"allow":["GET"]}}],"collection":[{"href":"https:\/\/www.bois-plus.net\/magasin\/wp-json\/wp\/v2\/pages"}],"about":[{"href":"https:\/\/www.bois-plus.net\/magasin\/wp-json\/wp\/v2\/types\/page"}],"author":[{"embeddable":true,"href":"https:\/\/www.bois-plus.net\/magasin\/wp-json\/wp\/v2\/users\/1"}],"replies":[{"embeddable":true,"href":"https:\/\/www.bois-plus.net\/magasin\/wp-json\/wp\/v2\/comments?post=3382"}],"version-history":[{"count":1,"href":"https:\/\/www.bois-plus.net\/magasin\/wp-json\/wp\/v2\/pages\/3382\/revisions"}],"predecessor-version":[{"id":3686,"href":"https:\/\/www.bois-plus.net\/magasin\/wp-json\/wp\/v2\/pages\/3382\/revisions\/3686"}],"wp:attachment":[{"href":"https:\/\/www.bois-plus.net\/magasin\/wp-json\/wp\/v2\/media?parent=3382"}],"curies":[{"name":"wp","href":"https:\/\/api.w.org\/{rel}","templated":true}]}}