{"id":257,"date":"2013-02-11T11:56:41","date_gmt":"2013-02-11T10:56:41","guid":{"rendered":"http:\/\/www.bois-plus.net\/magasin\/?page_id=257"},"modified":"2013-02-14T14:46:14","modified_gmt":"2013-02-14T13:46:14","slug":"lexique","status":"publish","type":"page","link":"https:\/\/www.bois-plus.net\/magasin\/lexique","title":{"rendered":"Lexique"},"content":{"rendered":"<h2><span style=\"color: #5f911b;\">Aubier<\/span><\/h2>\n<p><span style=\"color: #000000;\">Bois jeune compos\u00e9 des couches ext\u00e9rieures de l\u2019arbre.<\/span><br \/>\n<span style=\"color: #000000;\"> Contient la s\u00e8ve et des mati\u00e8res nutritives susceptibles de favoriser le d\u00e9veloppement des insectes et des champignons lignivores qui viennent attaquer le bois.<\/span><br \/>\n<span style=\"color: #000000;\"> Quelle que soit l\u2019essence de bois, l\u2019aubier n\u2019est pas durable et plus ou moins impr\u00e9gnable.<\/span><\/p>\n<p>&nbsp;<\/p>\n<h2><span style=\"color: #5f911b;\">Aviv\u00e9<\/span><\/h2>\n<p><span style=\"color: #000000;\">Bois sci\u00e9 de section rectangulaire ne pr\u00e9sentant que des ar\u00eates vives.<\/span><\/p>\n<p>&nbsp;<\/p>\n<h2><span style=\"color: #5f911b;\">Bardeau<\/span><\/h2>\n<p><span style=\"color: #000000;\">Petits \u00e9l\u00e9ments de couverture ou de bardage \u00e0 base de bitume sur voile de verre et prot\u00e9g\u00e9s par des granul\u00e9s de c\u00e9ramique ou d&rsquo;ardoise.<\/span><\/p>\n<p>&nbsp;<\/p>\n<h2><span style=\"color: #5f911b;\">Bleuissement (bleu)<\/span><\/h2>\n<p><span style=\"color: #000000;\">Coloration bleu\u00e2tre provoqu\u00e9e par des champignons dans l\u2019aubier de certains bois, notamment r\u00e9sineux et feuillus tropicaux.<br \/>\nIl n\u2019entra\u00eene pas de changement appr\u00e9ciable de consistance et de propri\u00e9t\u00e9s.<\/span><\/p>\n<p>&nbsp;<\/p>\n<h2><span style=\"color: #5f911b;\">Abouter<\/span><\/h2>\n<p><span style=\"color: #000000;\">Mettre deux pi\u00e8ces de bois bout \u00e0 bout en les r\u00e9unissant par un assemblage. Ainsi, les bois about\u00e9s, tels les tasseaux, lattes ou moulures,<br \/>\nsont constitu\u00e9s d\u2019\u00e9l\u00e9ments coll\u00e9s bout \u00e0 bout avant d\u2019\u00eatre usin\u00e9s.<\/span><\/p>\n<p>&nbsp;<\/p>\n<h2><span style=\"color: #5f911b;\">Bois contrecoll\u00e9s<\/span><\/h2>\n<p><span style=\"color: #000000;\">Ils r\u00e9sultent d\u2019une reconstitution de mat\u00e9riau en plaques par collage en plis (3 au minimum) de bois massifs sci\u00e9s, pour des usages de parements,<br \/>\nde menuiseries ou de structures suivant le nombre et l\u2019\u00e9paisseur des plis.<\/span><\/p>\n<p>&nbsp;<\/p>\n<h2><span style=\"color: #5f911b;\">Bois Lamell\u00e9s coll\u00e9s (BLC)<\/span><\/h2>\n<p><span style=\"color: #000000;\">\u00c9l\u00e9ments structurels obtenus par collage de lamelles de bois massifs about\u00e9s dont le fil est g\u00e9n\u00e9ralement parall\u00e8le.<br \/>\nIls permettent de g\u00e9n\u00e9rer des charpentes de grande port\u00e9e.<\/span><\/p>\n<p>&nbsp;<\/p>\n<h2><span style=\"color: #5f911b;\">Bois Massifs About\u00e9s (BMA)<\/span><\/h2>\n<p><span style=\"color: #000000;\">Association par collage bout \u00e0 bout de lames de bois massif.<\/span><\/p>\n<p>&nbsp;<\/p>\n<h2><span style=\"color: #5f911b;\">Contreventement<\/span><\/h2>\n<p><span style=\"color: #000000;\">Pi\u00e8ces de bois ou panneaux servant \u00e0 assurer la stabilit\u00e9 de l\u2019ouvrage.<\/span><\/p>\n","protected":false},"excerpt":{"rendered":"<p>Aubier Bois jeune compos\u00e9 des couches ext\u00e9rieures de l\u2019arbre. Contient la s\u00e8ve et des mati\u00e8res nutritives susceptibles de favoriser le d\u00e9veloppement des insectes et des champignons lignivores qui viennent attaquer le bois. Quelle que soit l\u2019essence de bois, l\u2019aubier n\u2019est pas durable et plus ou moins impr\u00e9gnable. &nbsp; Aviv\u00e9 Bois sci\u00e9 de section rectangulaire ne [&hellip;]<\/p>\n","protected":false},"author":1,"featured_media":0,"parent":0,"menu_order":0,"comment_status":"open","ping_status":"open","template":"","meta":{"footnotes":""},"class_list":["post-257","page","type-page","status-publish","hentry"],"aioseo_notices":[],"_links":{"self":[{"href":"https:\/\/www.bois-plus.net\/magasin\/wp-json\/wp\/v2\/pages\/257","targetHints":{"allow":["GET"]}}],"collection":[{"href":"https:\/\/www.bois-plus.net\/magasin\/wp-json\/wp\/v2\/pages"}],"about":[{"href":"https:\/\/www.bois-plus.net\/magasin\/wp-json\/wp\/v2\/types\/page"}],"author":[{"embeddable":true,"href":"https:\/\/www.bois-plus.net\/magasin\/wp-json\/wp\/v2\/users\/1"}],"replies":[{"embeddable":true,"href":"https:\/\/www.bois-plus.net\/magasin\/wp-json\/wp\/v2\/comments?post=257"}],"version-history":[{"count":0,"href":"https:\/\/www.bois-plus.net\/magasin\/wp-json\/wp\/v2\/pages\/257\/revisions"}],"wp:attachment":[{"href":"https:\/\/www.bois-plus.net\/magasin\/wp-json\/wp\/v2\/media?parent=257"}],"curies":[{"name":"wp","href":"https:\/\/api.w.org\/{rel}","templated":true}]}}