{"id":255,"date":"2021-03-01T11:56:16","date_gmt":"2021-03-01T10:56:16","guid":{"rendered":"http:\/\/www.bois-plus.net\/magasin\/?page_id=255"},"modified":"2023-02-14T17:13:34","modified_gmt":"2023-02-14T16:13:34","slug":"la-societe","status":"publish","type":"page","link":"https:\/\/www.bois-plus.net\/magasin\/la-societe","title":{"rendered":"La soci\u00e9t\u00e9"},"content":{"rendered":"<div class=\"wpb-content-wrapper\"><p>[vc_row no_padding=\u00a0\u00bbyes\u00a0\u00bb el_class=\u00a0\u00bbcustom-section-svg\u00a0\u00bb][vc_column][vc_raw_html css=\u00a0\u00bb.vc_custom_1614599304878{background-image: url(https:\/\/www.bois-plus.net\/magasin\/wp-content\/uploads\/2021\/02\/fond_bois.jpg?id=2488) !important;background-position: center !important;background-repeat: no-repeat !important;background-size: cover !important;}\u00a0\u00bb el_class=\u00a0\u00bbbg-attach-fixed-lg mb-0&Prime;]JTNDc3ZnJTBBJTIwJTIwJTIweG1sbnMlM0QlMjJodHRwJTNBJTJGJTJGd3d3LnczLm9yZyUyRjIwMDAlMkZzdmclMjIlMEElMjAlMjAlMjB3aWR0aCUzRCUyMjE4MjAlMjIlMEElMjAlMjAlMjBoZWlnaHQlM0QlMjI4NDAlMjIlMEElMjAlMjAlMjB2aWV3Qm94JTNEJTIyMCUyMDAlMjA0ODEuNTQxNjYlMjAyMjIuMjUlMjIlMEElMjAlMjAlMjB2ZXJzaW9uJTNEJTIyMS4xJTIyJTNFJTBBJTBBJTIwJTIwJTIwJTIwJTNDZyUyMHRyYW5zZm9ybSUzRCUyMnRyYW5zbGF0ZSUyODAlMkMtNzQuNzQ5OTg0JTI5JTIyJTNFJTBBJTIwJTIwJTIwJTIwJTIwJTIwJTIwJTIwJTNDcGF0aCUyMHN0eWxlJTNEJTIyZmlsbCUzQSUyM0NFQTE1MSUzQmZpbGwtb3BhY2l0eSUzQTAuODM0MTcwODklM0JzdHJva2Utd2lkdGglM0EwLjI2NDU4MzMyJTIyJTIwZCUzRCUyMk0lMjAtMzcuNDE5NDIlMkM2NS4wMjcwNjMlMjBWJTIwMjk3LjA0NjQ4JTIwaCUyMDU1NS42MjUlMjBWJTIwNjUuMDI3MDYzJTIwWiUyMG0lMjAzODUuMjQ0MTglMkMyNi4wNzMzNDMlMjBjJTIwNS4xNjU2OCUyQy0wLjA2NTU5JTIwMTAuMzA2ODIlMkMxLjgyODI4MyUyMDE0LjE3NTg4JTJDNS42OTczMjclMjBsJTIwMjIuNTEwNzclMkMyMi41MTA3NjclMjBjJTIwMi44MTM2OSUyQzIuODEzNyUyMDcuMTA3MDYlMkMxLjMzNDM4JTIwNy44NjQ2NCUyQy0yLjIzNzA4JTIwMi4yMTkwOCUyQy02LjQzOTczJTIwNS4xNTk3NyUyQy0xMy42MDExMSUyMDguNzY3NDElMkMtMTcuMjA4NzU3JTIwMTAuMTAxOTglMkMtMTAuMTAxOTYzJTIwMjUuNzc2OCUyQy0xMC4zMDA1ODIlMjAzNS42MjUyMiUyQy0wLjQ1MjE2NyUyMDkuODQ4NDMlMkM5Ljg0ODQxNCUyMDkuNjQ5NzglMkMyNS41MjMyNDQlMjAtMC40NTIxNyUyQzM1LjYyNTIwNCUyMC0zLjYwNzY1JTJDMy42MDc2NiUyMC0xMC43NjkzNiUyQzYuNTQ4NTIlMjAtMTcuMjA5MjklMkM4Ljc2NzQzJTIwLTMuNTcyMDElMkMwLjc1Njk5JTIwLTQuMzQ3NjQlMkM1Ljc1MzU1JTIwLTIuMjM2NTUlMkM3Ljg2NDYzJTIwbCUyMDI5LjU0NTQ5JTJDMjkuNTQ1NDklMjBjJTIwNy43MzgwOCUyQzcuNzM4MDglMjA3LjU3NDgxJTJDMjAuNTYzNTIlMjAtMC4zNjIyNyUyQzI4LjUwMDU4JTIwbCUyMC0xNy4zMTcyNyUyQzE3LjMxNzI5JTIwYyUyMC00LjMyOTIyJTJDNC4zMjkyMiUyMC0xMi4xNTc2NSUyQzMuNzE2NiUyMC0xNC45MzU1MiUyQy0xLjk0NzE3JTIwLTIuMDczMzglMkMtNC45NjExNyUyMC00Ljg2OTkyJTJDLTkuMTk5MzglMjAtNi45ODA0NyUyQy0xMS4zMDk5JTIwLTkuODQ4NCUyQy05Ljg0ODQxJTIwLTI1LjUyMzc1JTJDLTkuNjQ5NzklMjAtMzUuNjI1NzIlMkMwLjQ1MjE3JTIwLTEwLjEwMTc3JTJDMTAuMTAxNzclMjAtMTAuMzAwNiUyQzI1Ljc3NzMyJTIwLTAuNDUyMTglMkMzNS42MjU3MyUyMDIuMTEwNTMlMkMyLjExMDUzJTIwNi4zNDkzNyUyQzQuOTA1OTUlMjAxMS4zMDk0MSUyQzYuOTgwNDUlMjA0Ljk0Mjc2JTJDMy40OTg4OCUyMDYuMjc2ODklMkMxMC42MDYyOSUyMDEuOTQ3NjclMkMxNC45MzU1MiUyMGwlMjAtMTcuMzE3MjklMkMxNy4zMTcyOSUyMGMlMjAtNy45MzcyNCUyQzcuOTM3MjYlMjAtMjAuNzYyNDklMkM4LjA5OTg0JTIwLTI4LjUwMDU3JTJDMC4zNjE3NCUyMGwlMjAtODQuNDE1NTMlMkMtODQuNDE1NTIlMjBjJTIwLTcuNzM4MSUyQy03LjczODElMjAtNy41NzQ4MiUyQy0yMC41NjMwMSUyMDAuMzYyMjUlMkMtMjguNTAwMDclMjBsJTIwNzkuMzcxMzklMkMtNzkuMzcxMzc1JTIwdiUyMC01LjE2ZS00JTIwYyUyMDMuOTY4NjIlMkMtMy45Njg2MjclMjA5LjE1OTAxJTJDLTUuOTkzNDczJTIwMTQuMzI0NyUyQy02LjA1OTA2MyUyMHolMjIlMjAlMkYlM0UlMEElMjAlMjAlMjAlMjAlMjAlMjAlMjAlMjAlM0NwYXRoJTIwc3R5bGUlM0QlMjJmaWxsJTNBJTIzZmZmZmZmJTNCZmlsbC1vcGFjaXR5JTNBMSUzQnN0cm9rZSUzQW5vbmUlM0JzdHJva2Utd2lkdGglM0EwLjI2MDUyMzQ3JTNCc3Ryb2tlLW9wYWNpdHklM0ExJTIyJTIwZCUzRCUyMm0lMjAzMTQuOTA2MzYlMkMyNjYuMTgxNyUyMDAuMDUxMiUyQzAuMDUxMiUyMGglMjA3MS42MTExNCUyMHYlMjAwJTIwYyUyMC0yMy44OTcyNCUyQy0wLjAwMyUyMC00Ny43MTM5JTJDMC4wMDclMjAtNzEuNjExMTQlMkMwJTIweiUyMG0lMjA3MS42NjIyOSUyQzAuMDUxMiUyMGMlMjAwJTJDMCUyMC0wLjAzNzYlMkMyLjM2NDU1JTIwLTEuNTQ1MjIlMkM0LjA5NjQ0JTIwLTUuOTQ3ODMlMkM2LjgzMjgyJTIwLTE4LjM0MTQxJTJDMTguNjIyMjglMjAtMTguMzQxNDElMkMxOC42MjIyOCUyMC03LjkzNzI3JTJDNy45MzcyNyUyMC0yMC43NjE5OSUyQzguMjMzNDglMjAtMjguNTAwMDclMkMwLjQ5NTM3JTIwTCUyMDMxNC45NTc1MSUyQzI2Ni4yMzI4NiUyMEglMjAtNDMuMDg5MzU4JTIwdiUyMDMxLjM0Mjc5JTIwSCUyMDUyMS45ODUxOCUyMHYlMjAtMzEuMzQyNzklMjB6JTIyJTBBJTIwJTIwJTIwJTIwJTIwJTIwJTIwaWQlM0QlMjJyZWN0ODU3JTIyJTIwJTJGJTNFJTBBJTIwJTIwJTIwJTIwJTNDJTJGZyUzRSUwQSUzQyUyRnN2ZyUzRQ==[\/vc_raw_html]<div class=\"porto-container container z-index-1 porto-ibanner-layer pc-inner-container \">[vc_row_inner][vc_column_inner width=\u00a0\u00bb7\/12&Prime; offset=\u00a0\u00bbvc_col-md-6&Prime;][vc_custom_heading text=\u00a0\u00bbBOIS PLUS<br \/>\nLE MAGASIN SP\u00c9CIALISTE DU BOIS ET DE SES D\u00c9RIV\u00c9S POUR LA CONSTRUCTION ET LA D\u00c9CORATION\u00a0\u00bb font_container=\u00a0\u00bbtag:h2|font_size:2.5em|text_align:left|line_height:1.1&Prime; google_fonts=\u00a0\u00bbfont_family:Allerta%20Stencil%3Aregular|font_style:400%20regular%3A400%3Anormal\u00a0\u00bb text_transform=\u00a0\u00bbtext-uppercase\u00a0\u00bb font_weight=\u00a0\u00bb800&Prime; skin=\u00a0\u00bblight\u00a0\u00bb letter_spacing=\u00a0\u00bb-.016em\u00a0\u00bb animation_delay=\u00a0\u00bb300&Prime; animation_type=\u00a0\u00bbfadeInUp\u00a0\u00bb css=\u00a0\u00bb.vc_custom_1614599323726{padding-top: 30px !important;padding-left: 30px !important;}\u00a0\u00bb el_class=\u00a0\u00bbtitre-societe\u00a0\u00bb][\/vc_column_inner][\/vc_row_inner]<\/div>[\/vc_column][\/vc_row][vc_row][vc_column][vc_empty_space][vc_single_image image=\u00a0\u00bb2448&Prime; img_size=\u00a0\u00bb\u00a0\u00bb alignment=\u00a0\u00bbcenter\u00a0\u00bb css=\u00a0\u00bb.vc_custom_1615380378458{margin-bottom: -10px !important;}\u00a0\u00bb][vc_custom_heading text=\u00a0\u00bbNOTRE MAGASIN BOIS PLUS\u00a0\u00bb font_container=\u00a0\u00bbtag:h2|text_align:center|color:%23b58100|line_height:2.5em\u00a0\u00bb google_fonts=\u00a0\u00bbfont_family:Allerta%20Stencil%3Aregular|font_style:400%20regular%3A400%3Anormal\u00a0\u00bb][\/vc_column][\/vc_row][vc_row full_width=\u00a0\u00bbstretch_row\u00a0\u00bb content_placement=\u00a0\u00bbmiddle\u00a0\u00bb parallax=\u00a0\u00bbcontent-moving-fade\u00a0\u00bb parallax_image=\u00a0\u00bb2545&Prime; parallax_speed_bg=\u00a0\u00bb2&Prime; el_class=\u00a0\u00bbcategory-banner mb-0 fond-bp\u00a0\u00bb css=\u00a0\u00bb.vc_custom_1615380488234{margin-right: 40px !important;margin-left: 40px !important;padding-top: 90px !important;padding-right: 50px !important;padding-bottom: 60px !important;padding-left: 50px !important;}\u00a0\u00bb][vc_column width=\u00a0\u00bb1\/3&Prime;][vc_custom_heading text=\u00a0\u00bbAm\u00e9nager son jardin, ranger son garage, construire sa maison, d\u00e9corer son int\u00e9rieur,<br \/>\nle bois est l\u2019alli\u00e9 de toutes vos envies\u00a0\u00bb font_container=\u00a0\u00bbtag:h2|font_size:1.5em|text_align:center|color:%23ffffff|line_height:1.2&Prime; google_fonts=\u00a0\u00bbfont_family:Allerta%20Stencil%3Aregular|font_style:400%20regular%3A400%3Anormal\u00a0\u00bb animation_delay=\u00a0\u00bb500&Prime; animation_type=\u00a0\u00bbfadeInUp\u00a0\u00bb css=\u00a0\u00bb.vc_custom_1615376418342{padding-top: 30px !important;padding-bottom: 30px !important;background-color: rgba(222,192,138,0.7) !important;*background-color: rgb(222,192,138) !important;border-radius: 4px !important;}\u00a0\u00bb el_class=\u00a0\u00bbsous-titre-bp\u00a0\u00bb][\/vc_column][vc_column width=\u00a0\u00bb1\/3&Prime;][vc_custom_heading text=\u00a0\u00bbChoix, prix, conseil et qualit\u00e9 sont les devises de notre enseigne BOIS PLUS\u00a0\u00bb font_container=\u00a0\u00bbtag:h2|font_size:1.5em|text_align:center|color:%23ffffff|line_height:1.2&Prime; google_fonts=\u00a0\u00bbfont_family:Allerta%20Stencil%3Aregular|font_style:400%20regular%3A400%3Anormal\u00a0\u00bb animation_delay=\u00a0\u00bb500&Prime; animation_type=\u00a0\u00bbfadeInUp\u00a0\u00bb css=\u00a0\u00bb.vc_custom_1615376303381{padding-top: 50px !important;padding-bottom: 50px !important;background-color: rgba(222,192,138,0.7) !important;*background-color: rgb(222,192,138) !important;border-radius: 4px !important;}\u00a0\u00bb el_class=\u00a0\u00bbsous-titre-bp\u00a0\u00bb][\/vc_column][vc_column width=\u00a0\u00bb1\/3&Prime;][vc_custom_heading text=\u00a0\u00bbNotre magasin se situe \u00e0 Savenay,<br \/>\nLe point du jour, en Loire-Atlantique.\u00a0\u00bb font_container=\u00a0\u00bbtag:h2|font_size:1.5em|text_align:center|color:%23ffffff|line_height:1.2&Prime; google_fonts=\u00a0\u00bbfont_family:Allerta%20Stencil%3Aregular|font_style:400%20regular%3A400%3Anormal\u00a0\u00bb animation_delay=\u00a0\u00bb500&Prime; animation_type=\u00a0\u00bbfadeInUp\u00a0\u00bb css=\u00a0\u00bb.vc_custom_1615376281886{padding-top: 50px !important;padding-bottom: 50px !important;background-color: rgba(222,192,138,0.7) !important;*background-color: rgb(222,192,138) !important;border-radius: 4px !important;}\u00a0\u00bb el_class=\u00a0\u00bbsous-titre-bp\u00a0\u00bb][\/vc_column][\/vc_row][vc_row][vc_column][vc_empty_space][vc_single_image image=\u00a0\u00bb2448&Prime; img_size=\u00a0\u00bb\u00a0\u00bb alignment=\u00a0\u00bbcenter\u00a0\u00bb css=\u00a0\u00bb.vc_custom_1615380378458{margin-bottom: -10px !important;}\u00a0\u00bb][vc_custom_heading text=\u00a0\u00bbNOTRE HISTOIRE\u00a0\u00bb font_container=\u00a0\u00bbtag:h2|text_align:center|color:%23b58100|line_height:2.5em\u00a0\u00bb google_fonts=\u00a0\u00bbfont_family:Allerta%20Stencil%3Aregular|font_style:400%20regular%3A400%3Anormal\u00a0\u00bb]<div class=\"porto-history wpb_content_element  histoire-bp\"><div class=\"thumb\"><img decoding=\"async\" class=\"\" src=\"https:\/\/www.bois-plus.net\/magasin\/wp-content\/uploads\/2021\/02\/photo_arbre_vert_resize-145x145.jpg\" width=\"145\" height=\"145\" alt=\"bois plus construction bois savenay\" title=\"bois plus arbre bois\" \/><\/div><div class=\"featured-box\"><div class=\"box-content\"><h4 class=\"heading-primary\"><strong>1998<\/strong><\/h4><p>Implant\u00e9e depuis 1998 \u00e0 <strong>Savenay<\/strong>, BOIS PLUS est une <strong>entreprise ind\u00e9pendante<\/strong> sp\u00e9cialis\u00e9e dans la <strong>vente du bois et de ses d\u00e9riv\u00e9s<\/strong> pour la <strong>construction<\/strong> et la <strong>d\u00e9coration<\/strong>, s&rsquo;adressant aussi bien aux <strong>particuliers<\/strong> qu&rsquo;aux <strong>artisans<\/strong> et <strong>entreprises<\/strong> de pose et d&rsquo;am\u00e9nagement.<\/p>\n<\/div><\/div><\/div>[\/vc_column][\/vc_row][vc_row][vc_column][vc_single_image image=\u00a0\u00bb2448&Prime; img_size=\u00a0\u00bb\u00a0\u00bb alignment=\u00a0\u00bbcenter\u00a0\u00bb css=\u00a0\u00bb.vc_custom_1615380378458{margin-bottom: -10px !important;}\u00a0\u00bb][vc_custom_heading text=\u00a0\u00bbNOTRE PHILOSOPHIE\u00a0\u00bb font_container=\u00a0\u00bbtag:h2|text_align:center|color:%23b58100|line_height:2.5em\u00a0\u00bb google_fonts=\u00a0\u00bbfont_family:Allerta%20Stencil%3Aregular|font_style:400%20regular%3A400%3Anormal\u00a0\u00bb][\/vc_column][\/vc_row][vc_row][vc_column width=\u00a0\u00bb1\/2&Prime;]<div class=\"porto-sicon-box texte-philo  wpb_custom_95ba20c7f257db41f10ea0aa3050f288 style_1 top-icon\"><div class=\"porto-sicon-top\"><div class=\"porto-just-icon-wrapper porto-icon advanced\" data-appear-animation=\"pulse\" style=\"color:#b58100;background:#ddcca6;width:80px;height:80px;line-height:80px;border-radius:50px;font-size:55px;\"><i class=\"Simple-Line-Icons-user-follow\"><\/i><\/div><\/div><div class=\"porto-sicon-description\" style=\"\">\n<p style=\"text-align: left;\"><span style=\"font-size: 18px;\">A cela s\u2019ajoute la \u00ab Valeur ajout\u00e9e \u00bb des <strong>conseils avis\u00e9s de toute une \u00e9quipe de professionnels<\/strong>. De par leur exp\u00e9rience nous saurons vous guider concr\u00e8tement dans le choix de votre bois.<\/span><\/p>\n<p style=\"text-align: left;\"><span style=\"font-size: 18px;\"><strong>La qualit\u00e9 des produits<\/strong> mais aussi le conseil apport\u00e9 au client sont les ma\u00eetres mots de notre entreprise.<\/span><\/p>\n<p><\/div> <!-- description --><\/div><!-- porto-sicon-box -->[\/vc_column][vc_column width=\u00a0\u00bb1\/2&Prime;]<div class=\"porto-sicon-box texte-philo  wpb_custom_6be13477d1ac350d6f965c3b137a22bf style_1 top-icon\"><div class=\"porto-sicon-top\"><div class=\"porto-just-icon-wrapper porto-icon advanced\" data-appear-animation=\"pulse\" style=\"color:#b58100;background:#ddcca6;width:80px;height:80px;line-height:80px;border-radius:50px;font-size:55px;\"><i class=\"porto-icon-fazer-compras\"><\/i><\/div><\/div><div class=\"porto-sicon-description\" style=\"\">\n<p style=\"text-align: left;\"><span style=\"font-size: 18px;\">Ce magasin se situe au lieu-dit \u00abLe point du jour\u00bb, \u00e0 30 minutes de Nantes et Saint-Nazaire et \u00e0 45 minutes de Redon au bord de la RN 165.<\/span><\/p>\n<p style=\"text-align: left;\"><span style=\"font-size: 18px;\">Vous pourrez y trouver plus de <strong>800 m3 de bois<\/strong> sur <strong>1000 m2 de magasin<\/strong> et <strong>2000 m2 de parc de stockage<\/strong>.<\/span><\/p>\n<p style=\"text-align: left;\"><span style=\"font-size: 18px;\">Nous vous proposons une tr\u00e8s large gamme de produits : \u00a0Charpente, Autoclave, Ossature, Panneaux, Bois de r\u00e9emploi,\u00a0Am\u00e9nagement int\u00e9rieur \u2026<\/span><\/p>\n<p><\/div> <!-- description --><\/div><!-- porto-sicon-box -->[\/vc_column][\/vc_row]<\/p>\n<\/div>","protected":false},"excerpt":{"rendered":"<p>[vc_row no_padding=\u00a0\u00bbyes\u00a0\u00bb el_class=\u00a0\u00bbcustom-section-svg\u00a0\u00bb][vc_column][vc_raw_html css=\u00a0\u00bb.vc_custom_1614599304878{background-image: url(https:\/\/www.bois-plus.net\/magasin\/wp-content\/uploads\/2021\/02\/fond_bois.jpg?id=2488) !important;background-position: center !important;background-repeat: no-repeat !important;background-size: cover !important;}\u00a0\u00bb el_class=\u00a0\u00bbbg-attach-fixed-lg mb-0&Prime;]JTNDc3ZnJTBBJTIwJTIwJTIweG1sbnMlM0QlMjJodHRwJTNBJTJGJTJGd3d3LnczLm9yZyUyRjIwMDAlMkZzdmclMjIlMEElMjAlMjAlMjB3aWR0aCUzRCUyMjE4MjAlMjIlMEElMjAlMjAlMjBoZWlnaHQlM0QlMjI4NDAlMjIlMEElMjAlMjAlMjB2aWV3Qm94JTNEJTIyMCUyMDAlMjA0ODEuNTQxNjYlMjAyMjIuMjUlMjIlMEElMjAlMjAlMjB2ZXJzaW9uJTNEJTIyMS4xJTIyJTNFJTBBJTBBJTIwJTIwJTIwJTIwJTNDZyUyMHRyYW5zZm9ybSUzRCUyMnRyYW5zbGF0ZSUyODAlMkMtNzQuNzQ5OTg0JTI5JTIyJTNFJTBBJTIwJTIwJTIwJTIwJTIwJTIwJTIwJTIwJTNDcGF0aCUyMHN0eWxlJTNEJTIyZmlsbCUzQSUyM0NFQTE1MSUzQmZpbGwtb3BhY2l0eSUzQTAuODM0MTcwODklM0JzdHJva2Utd2lkdGglM0EwLjI2NDU4MzMyJTIyJTIwZCUzRCUyMk0lMjAtMzcuNDE5NDIlMkM2NS4wMjcwNjMlMjBWJTIwMjk3LjA0NjQ4JTIwaCUyMDU1NS42MjUlMjBWJTIwNjUuMDI3MDYzJTIwWiUyMG0lMjAzODUuMjQ0MTglMkMyNi4wNzMzNDMlMjBjJTIwNS4xNjU2OCUyQy0wLjA2NTU5JTIwMTAuMzA2ODIlMkMxLjgyODI4MyUyMDE0LjE3NTg4JTJDNS42OTczMjclMjBsJTIwMjIuNTEwNzclMkMyMi41MTA3NjclMjBjJTIwMi44MTM2OSUyQzIuODEzNyUyMDcuMTA3MDYlMkMxLjMzNDM4JTIwNy44NjQ2NCUyQy0yLjIzNzA4JTIwMi4yMTkwOCUyQy02LjQzOTczJTIwNS4xNTk3NyUyQy0xMy42MDExMSUyMDguNzY3NDElMkMtMTcuMjA4NzU3JTIwMTAuMTAxOTglMkMtMTAuMTAxOTYzJTIwMjUuNzc2OCUyQy0xMC4zMDA1ODIlMjAzNS42MjUyMiUyQy0wLjQ1MjE2NyUyMDkuODQ4NDMlMkM5Ljg0ODQxNCUyMDkuNjQ5NzglMkMyNS41MjMyNDQlMjAtMC40NTIxNyUyQzM1LjYyNTIwNCUyMC0zLjYwNzY1JTJDMy42MDc2NiUyMC0xMC43NjkzNiUyQzYuNTQ4NTIlMjAtMTcuMjA5MjklMkM4Ljc2NzQzJTIwLTMuNTcyMDElMkMwLjc1Njk5JTIwLTQuMzQ3NjQlMkM1Ljc1MzU1JTIwLTIuMjM2NTUlMkM3Ljg2NDYzJTIwbCUyMDI5LjU0NTQ5JTJDMjkuNTQ1NDklMjBjJTIwNy43MzgwOCUyQzcuNzM4MDglMjA3LjU3NDgxJTJDMjAuNTYzNTIlMjAtMC4zNjIyNyUyQzI4LjUwMDU4JTIwbCUyMC0xNy4zMTcyNyUyQzE3LjMxNzI5JTIwYyUyMC00LjMyOTIyJTJDNC4zMjkyMiUyMC0xMi4xNTc2NSUyQzMuNzE2NiUyMC0xNC45MzU1MiUyQy0xLjk0NzE3JTIwLTIuMDczMzglMkMtNC45NjExNyUyMC00Ljg2OTkyJTJDLTkuMTk5MzglMjAtNi45ODA0NyUyQy0xMS4zMDk5JTIwLTkuODQ4NCUyQy05Ljg0ODQxJTIwLTI1LjUyMzc1JTJDLTkuNjQ5NzklMjAtMzUuNjI1NzIlMkMwLjQ1MjE3JTIwLTEwLjEwMTc3JTJDMTAuMTAxNzclMjAtMTAuMzAwNiUyQzI1Ljc3NzMyJTIwLTAuNDUyMTglMkMzNS42MjU3MyUyMDIuMTEwNTMlMkMyLjExMDUzJTIwNi4zNDkzNyUyQzQuOTA1OTUlMjAxMS4zMDk0MSUyQzYuOTgwNDUlMjA0Ljk0Mjc2JTJDMy40OTg4OCUyMDYuMjc2ODklMkMxMC42MDYyOSUyMDEuOTQ3NjclMkMxNC45MzU1MiUyMGwlMjAtMTcuMzE3MjklMkMxNy4zMTcyOSUyMGMlMjAtNy45MzcyNCUyQzcuOTM3MjYlMjAtMjAuNzYyNDklMkM4LjA5OTg0JTIwLTI4LjUwMDU3JTJDMC4zNjE3NCUyMGwlMjAtODQuNDE1NTMlMkMtODQuNDE1NTIlMjBjJTIwLTcuNzM4MSUyQy03LjczODElMjAtNy41NzQ4MiUyQy0yMC41NjMwMSUyMDAuMzYyMjUlMkMtMjguNTAwMDclMjBsJTIwNzkuMzcxMzklMkMtNzkuMzcxMzc1JTIwdiUyMC01LjE2ZS00JTIwYyUyMDMuOTY4NjIlMkMtMy45Njg2MjclMjA5LjE1OTAxJTJDLTUuOTkzNDczJTIwMTQuMzI0NyUyQy02LjA1OTA2MyUyMHolMjIlMjAlMkYlM0UlMEElMjAlMjAlMjAlMjAlMjAlMjAlMjAlMjAlM0NwYXRoJTIwc3R5bGUlM0QlMjJmaWxsJTNBJTIzZmZmZmZmJTNCZmlsbC1vcGFjaXR5JTNBMSUzQnN0cm9rZSUzQW5vbmUlM0JzdHJva2Utd2lkdGglM0EwLjI2MDUyMzQ3JTNCc3Ryb2tlLW9wYWNpdHklM0ExJTIyJTIwZCUzRCUyMm0lMjAzMTQuOTA2MzYlMkMyNjYuMTgxNyUyMDAuMDUxMiUyQzAuMDUxMiUyMGglMjA3MS42MTExNCUyMHYlMjAwJTIwYyUyMC0yMy44OTcyNCUyQy0wLjAwMyUyMC00Ny43MTM5JTJDMC4wMDclMjAtNzEuNjExMTQlMkMwJTIweiUyMG0lMjA3MS42NjIyOSUyQzAuMDUxMiUyMGMlMjAwJTJDMCUyMC0wLjAzNzYlMkMyLjM2NDU1JTIwLTEuNTQ1MjIlMkM0LjA5NjQ0JTIwLTUuOTQ3ODMlMkM2LjgzMjgyJTIwLTE4LjM0MTQxJTJDMTguNjIyMjglMjAtMTguMzQxNDElMkMxOC42MjIyOCUyMC03LjkzNzI3JTJDNy45MzcyNyUyMC0yMC43NjE5OSUyQzguMjMzNDglMjAtMjguNTAwMDclMkMwLjQ5NTM3JTIwTCUyMDMxNC45NTc1MSUyQzI2Ni4yMzI4NiUyMEglMjAtNDMuMDg5MzU4JTIwdiUyMDMxLjM0Mjc5JTIwSCUyMDUyMS45ODUxOCUyMHYlMjAtMzEuMzQyNzklMjB6JTIyJTBBJTIwJTIwJTIwJTIwJTIwJTIwJTIwaWQlM0QlMjJyZWN0ODU3JTIyJTIwJTJGJTNFJTBBJTIwJTIwJTIwJTIwJTNDJTJGZyUzRSUwQSUzQyUyRnN2ZyUzRQ==[\/vc_raw_html][\/vc_column][\/vc_row][vc_row][vc_column][vc_empty_space][vc_single_image image=\u00a0\u00bb2448&Prime; img_size=\u00a0\u00bb\u00a0\u00bb alignment=\u00a0\u00bbcenter\u00a0\u00bb css=\u00a0\u00bb.vc_custom_1615380378458{margin-bottom: -10px !important;}\u00a0\u00bb][vc_custom_heading text=\u00a0\u00bbNOTRE MAGASIN BOIS PLUS\u00a0\u00bb font_container=\u00a0\u00bbtag:h2|text_align:center|color:%23b58100|line_height:2.5em\u00a0\u00bb google_fonts=\u00a0\u00bbfont_family:Allerta%20Stencil%3Aregular|font_style:400%20regular%3A400%3Anormal\u00a0\u00bb][\/vc_column][\/vc_row][vc_row full_width=\u00a0\u00bbstretch_row\u00a0\u00bb content_placement=\u00a0\u00bbmiddle\u00a0\u00bb parallax=\u00a0\u00bbcontent-moving-fade\u00a0\u00bb parallax_image=\u00a0\u00bb2545&Prime; parallax_speed_bg=\u00a0\u00bb2&Prime; el_class=\u00a0\u00bbcategory-banner mb-0 fond-bp\u00a0\u00bb css=\u00a0\u00bb.vc_custom_1615380488234{margin-right: 40px !important;margin-left: 40px !important;padding-top: 90px !important;padding-right: 50px !important;padding-bottom: 60px !important;padding-left: 50px !important;}\u00a0\u00bb][vc_column width=\u00a0\u00bb1\/3&Prime;][vc_custom_heading text=\u00a0\u00bbAm\u00e9nager son jardin, ranger son garage, construire [&hellip;]<\/p>\n","protected":false},"author":1,"featured_media":0,"parent":0,"menu_order":0,"comment_status":"closed","ping_status":"open","template":"","meta":{"footnotes":""},"class_list":["post-255","page","type-page","status-publish","hentry"],"aioseo_notices":[],"_links":{"self":[{"href":"https:\/\/www.bois-plus.net\/magasin\/wp-json\/wp\/v2\/pages\/255","targetHints":{"allow":["GET"]}}],"collection":[{"href":"https:\/\/www.bois-plus.net\/magasin\/wp-json\/wp\/v2\/pages"}],"about":[{"href":"https:\/\/www.bois-plus.net\/magasin\/wp-json\/wp\/v2\/types\/page"}],"author":[{"embeddable":true,"href":"https:\/\/www.bois-plus.net\/magasin\/wp-json\/wp\/v2\/users\/1"}],"replies":[{"embeddable":true,"href":"https:\/\/www.bois-plus.net\/magasin\/wp-json\/wp\/v2\/comments?post=255"}],"version-history":[{"count":1,"href":"https:\/\/www.bois-plus.net\/magasin\/wp-json\/wp\/v2\/pages\/255\/revisions"}],"predecessor-version":[{"id":3687,"href":"https:\/\/www.bois-plus.net\/magasin\/wp-json\/wp\/v2\/pages\/255\/revisions\/3687"}],"wp:attachment":[{"href":"https:\/\/www.bois-plus.net\/magasin\/wp-json\/wp\/v2\/media?parent=255"}],"curies":[{"name":"wp","href":"https:\/\/api.w.org\/{rel}","templated":true}]}}